*i - 223. Is b(22) a prime number?
False
Let o = 27695 - -84312. Is o a prime number?
False
Let o = -106 - -105. Let c be -4 + (-2 - o) - -3. Is (1 - -2) + -1 + (c - -371) a composite number?
True
Let x = -191047 + 451326. Suppose 82649 = 16*l - x. Is l a composite number?
False
Let y = 5445 - 1456. Is y a composite number?
False
Let t(g) = 11 - 13*g - 2 - g**2 - 7 + 16. Let o be t(-14). Let u(r) = 112*r + 21. Is u(o) prime?
False
Let c(k) = 99*k**2 - 99*k**2 + 16*k + 9 - 2*k**3. Is c(-11) a prime number?
False
Let n(z) = -z**3 - 11*z**2 + 5*z - 14. Let y(j) = j**2 - 1. Let x(d) = n(d) + 5*y(d). Is x(-10) composite?
False
Suppose 0 = 3*z + 115 - 16. Let k = z - -59. Suppose g - 41 = k. Is g composite?
False
Suppose 4*q + 4*z = 232, -3*q + 8*z - 13*z = -176. Is (q/(-6))/((-13)/2158) composite?
True
Let o be 17 + -21 - (-360)/2. Is 32/o - 55062/(-22) prime?
True
Let n(u) = u**3 + 3*u**2 + 2*u. Let m be n(-2). Suppose m = l - 2980 - 7683. Is l composite?
False
Suppose 16 + 32 = 5*s - 4*z, 2*s - 2*z - 18 = 0. Suppose 20*h = s*h + 90776. Is h prime?
False
Let b be ((-3 - 0) + 5)*22. Let d = b - 48. Is (-14770)/(-8) - (d + 26/8) prime?
True
Let t be 1253385/(-30)*(-8)/6. Suppose -7797 = -23*l + t. Is l prime?
False
Let p be 7235/(-20)*(2 - 58). Suppose -45*a - p = -52*a. Is a a prime number?
False
Suppose 2*f = 89 - 21. Let h = 36 - f. Suppose 5*k + 33 = 3*z - 2*z, -8 = h*k. Is z prime?
True
Let f(t) = -81*t**2 - 3*t + 3. Let q be f(-4). Let v = 2217 - q. Suppose -g - v = -3*p, 5*p + 2*g - 780 = 5039. Is p a prime number?
False
Let j = 647949 + -447764. Is j a composite number?
True
Suppose -1081002 = -84*p + 6*p. Is p a composite number?
False
Let j(z) = -5 + 0 + z**2 - 11*z - 1 + 2*z. Let d be j(10). Suppose 2*g - 2*b = 1230, -d*g - 3*b = -4*b - 2448. Is g prime?
False
Suppose 20*u - 629 = -17*u. Let m(q) be the first derivative of 2*q**3/3 + 4*q**2 - 37*q + 1. Is m(u) a prime number?
True
Let m be 18230/(-8) + 3/4. Let j = m - -5177. Is j prime?
False
Let l = 25892 + -11431. Is l prime?
True
Let j = 167 - 175. Is 148/(-16) - -8 - 7266/j a composite number?
False
Suppose -23*p + 3410832 = 25*p. Is p a composite number?
False
Suppose -9*g - 226759 = -f - 93492, -2*f = 4*g - 266336. Is f composite?
True
Suppose 3*m = 5*z - 0*z + 32, -3*m = 2*z - 4. Is 1 - ((-671)/m + 8/(-32)) composite?
True
Let s = 170 + -164. Let d be (-6)/21 + (-80352)/(-21). Suppose -d = 4*x - s*x. Is x a composite number?
False
Let k be (6/(-14))/((-8)/56). Suppose -3 - 24 = -k*t. Suppose 0 = 3*u + t, -5*d + 1911 = -2*d - 4*u. Is d composite?
True
Let r be (-13670)/4*(84/30 - 4). Is (-4)/((-12)/r) + -4 a composite number?
True
Let i be (1 + -1 - -1)*(-154 + -5). Suppose -3*p + 67 = -791. Let j = p + i. Is j a prime number?
True
Suppose 78950*l = 78960*l - 2389390. Is l a composite number?
False
Let y = 4605 + 1535. Let m = -11297 + y. Is 4*(m/12)/(-9) prime?
True
Let b(g) = -g - 8. Let j be b(-11). Suppose 5*q = -5*d + 2055, -2*q + 207 + 1433 = 4*d. Suppose -j*o - 10 = -d. Is o a composite number?
True
Let d be 15 - (-1 + 4)*2. Is 3129/(-6)*(-6 - -13 - d) a composite number?
True
Let q be (-12)/9 + 2 - (-39)/9. Suppose 3*c + q*w + 1289 + 1668 = 0, -w + 1954 = -2*c. Let v = 1830 + c. Is v prime?
False
Suppose -5*p = -5*d - 6282 - 2688, -3586 = -2*p + 3*d. Suppose m = -3*a + 354, 3*m = -2*m - 2*a + p. Let h = m - -206. Is h composite?
True
Let r be (-29 + 29)*(1/2 - 0). Let b(g) = -g**2 + 7*g - 3. Let m be b(6). Suppose m*w - 996 - 618 = r. Is w composite?
True
Is (3/2)/(474/6095324) composite?
False
Suppose -2*g = -4*j - 14, -4*g - 2*j + 25 = -23. Let k(o) = 348*o - 166. Is k(g) a prime number?
False
Let a(m) = -6*m**2 + 20*m + 1. Let k be a(5). Let w = k - -40. Is (203/(-21) - w)*(-2589)/2 prime?
True
Let z(o) = -4*o**2 + 10 + 4*o**2 + 6*o - o + o**2. Let d be z(-3). Suppose -3*t = a - 1848, -5*a + d*t + 4503 + 4794 = 0. Is a a composite number?
True
Suppose 16*c = 15*c + 3. Suppose 11681 = 4*f - w, -c*f - 2*w = -6742 - 2027. Is f composite?
True
Suppose 0 = 193*x + 22957044 - 78166045. Is x prime?
False
Let m = 9 + -7. Suppose -m*n - 10*n = -48876. Is n a composite number?
False
Let s(p) = -28*p + 10. Let t be s(4). Let a = 78 + t. Is (-5 + a)*(-92)/4 a prime number?
False
Suppose -4*f = 5*f. Suppose -10*c - c = f. Suppose -517 = -b - c*b - 2*v, -2*b - 5*v + 1032 = 0. Is b prime?
True
Suppose 2*y - 46 = -38. Suppose 21531 + 9076 = 5*u - k, 2*k = -y*u + 24480. Is u a prime number?
True
Suppose 0 = 6*r - l - 645842, 4*r = l - 5*l + 430580. Is r a prime number?
True
Suppose -5*w + 42 = -3*f, w - 2 = 5*f + 2. Suppose -4*z - 3*x = 377, w*z + 5*x + 375 = 5*z. Let h = 418 + z. Is h a prime number?
False
Suppose j + j = -40. Suppose -11*b = 250 + 3479. Let m = j - b. Is m a prime number?
False
Let w = -299122 - -535693. Is w prime?
False
Let m = 330 - 350. Suppose n - 35228 = -n + 4*j, -2*j = -5*n + 88054. Is (n/m)/((-1)/2) a composite number?
True
Let n be 384/72*2*(-39)/(-4). Suppose -96*q - 49432 = -n*q. Is q prime?
False
Let n(x) = 1504*x - 1961. Is n(21) prime?
False
Suppose 267*p + 1455015 = 546*p - 274*p. Is p a prime number?
False
Let o be (10 - 50)/((-2)/(-4)). Let g = o + 75. Is 1594/(-2)*(g + -2 - -6) a composite number?
False
Suppose i = 6*i + 3490. Let f = 2163 + i. Suppose -f = -0*a - a. Is a a prime number?
False
Let u(k) = 307*k**2 - 12*k + 42. Let t be (-1 + 2)/(-4*(-1)/28). Is u(t) a composite number?
True
Let t = -3 - -3. Suppose -6 = j + p, t = 5*j - 7*j + 5*p - 5. Is (4 + (j - 0))*-4637 prime?
True
Suppose 0 = -2*c - 2*c + 3*f + 200, 100 = 2*c - 5*f. Let j be (-82)/6*(-3)/(-1). Let t = c + j. Is t prime?
False
Let j = 58 + -102. Suppose 213*l - 288 = 214*l - 5*n, 5*l - 2*n + 1302 = 0. Is (j/(-8))/((-3)/l) a prime number?
False
Suppose i - 10*i - 80874 = 0. Let m = 28725 + i. Is m prime?
True
Suppose 88*f - 1092598 - 2584122 - 1594744 = 0. Is f a composite number?
True
Let o = -3017 + 1209. Let c = 5561 - o. Is c prime?
True
Is (-2)/11 + (143146575/363 - -14) a composite number?
False
Let n(t) = -t + 518. Let p(q) = 1. Let s(j) = n(j) + 3*p(j). Let r = -5 + 5. Is s(r) prime?
True
Suppose -175514 + 69156 = 7*n. Let d = -6271 - n. Is d prime?
True
Let t(d) = -1035*d - 8542. Is t(-171) composite?
True
Let b(q) = 6794*q**3 - 3*q**2 + 37*q - 101. Is b(3) a composite number?
True
Let y = -165 + 155. Let k(s) = -278*s - 147. Is k(y) a prime number?
True
Let d = 318327 - 203274. Is d prime?
False
Suppose -3 = 3*m - 3*s, 5*m - 2*s = 6*m - 11. Suppose 4*n - m*h = 63733, 5*h - 3683 = 3*n - 51469. Is n a composite number?
False
Let m(w) = w**3 + 86*w**2 - 66*w - 29. Is m(-26) a composite number?
True
Let o = 17 - 21. Let m be ((-2)/((-2)/(-9)))/(13/(-39)). Let b = m - o. Is b a prime number?
True
Suppose -3*n + 0*g + 6 = 3*g, 0 = 2*g + 6. Is (-446084)/(-8) + n/10 a prime number?
False
Let h(w) = -15*w - 25. Let b be h(-2). Suppose -5*z = -4*t - 823, b*t - 160 + 659 = 3*z. Is z a prime number?
True
Let i(a) = -a**2 - 3*a + 14. Let t be i(-5). Suppose -20 + 4 = -t*b. Suppose -5*f = 4*x - 2228, 2*x + 2*x + b*f = 2228. Is x a composite number?
False
Let y(u) = u**3 + 2*u**2 - 13*u + 3. Let r be y(-7). Let p = r + 156. Is 1860 - ((-30)/p)/6 a composite number?
False
Let h = -482 - -487. Suppose 75403 = h*c - v + 19355, -3*c + 3*v + 33636 = 0. Is c a prime number?
False
Let v = -28351 - -53760. Is v a composite number?
False
Let k be (-4)/14 + 0 + (-256)/(-14). Let j be (-4)/k + (-29)/(-9) - -1. Is 219 - (20/j + -5) a composite number?
True
Is (-28)/(-8)*90466*(-8 - -9) a composite number?
True
Is (6 - (162/12 - 9)) + (-112022)/(-4) composite?
True
Let h(o) = 5*o**2 - o - 2. Let f(u) = -u**3 - 8*u**2 + 9*u + 11. Let r be f(-9). Let c be h(r). Let l = c + -413. Is l a composite number?
False
Let v = 12044 + -2511. Is v a composite number?
False
Suppose 2*c + 5*n - 19711 = -0*c, 0 = -5*c + 4*n + 49360. Is (0 - -2)/(59216/c - 6) composite?
False
Let l(h) = h. Let v(f) = -5*f - 31*f + 17 + 14. Let r(q) = 3*l(q) + v(q). Is r(-8) a composite number?
True
Suppose 4*f + 4 = -7*m + 5*m, -4*f - 2 = 3*m. Suppose 2*h = 3*q - 88239, 3 = -m*h - 3. Is q a prime number?
True
Let i be (-50)/35 + (-3)/(-7). Is i/(-2) - (-2517)/2 a prime number?
True
Let h = -656044 + 2190485. Is h composite?
Tru